{"id":34,"date":"2026-04-24T09:47:51","date_gmt":"2026-04-24T09:47:51","guid":{"rendered":"https:\/\/iranlimedyumlar.com\/?page_id=34"},"modified":"2026-04-24T09:47:51","modified_gmt":"2026-04-24T09:47:51","slug":"ask-buyusu","status":"publish","type":"page","link":"https:\/\/iranlimedyumlar.com\/?page_id=34","title":{"rendered":"A\u015fk B\u00fcy\u00fcs\u00fc"},"content":{"rendered":"\n<p>A\u015fk b\u00fcy\u00fcs\u00fc, bir ki\u015finin sevdi\u011fi ki\u015fiyi kendine ba\u011flama arzusu ile yap\u0131lan ve etkili y\u00f6ntemler aras\u0131nda yer alan bir uygulamad\u0131r. Bu b\u00fcy\u00fc t\u00fcr\u00fc, tarihin eski d\u00f6nemlerinden beri etkili oldu\u011fu bilinen ve yayg\u0131n olarak kullan\u0131lan bir y\u00f6ntemdir. A\u015fk b\u00fcy\u00fcs\u00fc, g\u00fc\u00e7l\u00fc ve g\u00fcvenilir b\u00fcy\u00fc \u00e7e\u015fitleri aras\u0131nda \u00f6ne \u00e7\u0131kar. Sevgi, a\u015fk, ba\u011fl\u0131l\u0131k ve g\u00fcven gibi duygular\u0131 g\u00fc\u00e7lendirmek amac\u0131yla yap\u0131l\u0131r ve bu duygular\u0131n etkisini art\u0131rmay\u0131 hedefler. Bazen, a\u015fk b\u00fcy\u00fcs\u00fc yap\u0131lan ki\u015fi \u00fczerinde g\u00fc\u00e7l\u00fc etkiler olu\u015fturabilirken, bazen de bu etkiler alt\u0131nda kalan ki\u015fi olabilir.<\/p>\n\n\n\n<p>Erkekler ve kad\u0131nlar i\u00e7in farkl\u0131 y\u00f6ntemler ve s\u00fcre\u00e7lere sahip olan a\u015fk b\u00fcy\u00fcs\u00fc, sevdi\u011finiz ki\u015finin h\u0131zl\u0131ca size a\u015f\u0131k olmas\u0131n\u0131 sa\u011flamak ve tutkulu bir \u015fekilde size y\u00f6nelmesini sa\u011flamak amac\u0131yla yap\u0131l\u0131r ve ak b\u00fcy\u00fc kategorisinde yer al\u0131r. Ancak burada niyetin \u00f6nemi b\u00fcy\u00fckt\u00fcr. \u00d6rne\u011fin, iki ki\u015finin birbirine kavu\u015fmas\u0131 i\u00e7in yap\u0131lan sa\u011fl\u0131kl\u0131 bir b\u00fcy\u00fc olabilirken, tak\u0131nt\u0131l\u0131 ya da platonik bir a\u015fk i\u00e7in yap\u0131lmas\u0131 durumunda olumsuz etkiler do\u011furabilir ve ki\u015fi nazara u\u011frayabilir. B\u00fcy\u00fcler, insan\u0131n ki\u015fili\u011fini yans\u0131tan uygulamalard\u0131r ve bu nedenle a\u015fk b\u00fcy\u00fcleri, insan ya\u015fam\u0131nda ge\u00e7mi\u015ften bug\u00fcne var olmu\u015ftur ve var olmaya devam edecektir.<\/p>\n\n\n\n<h2 class=\"wp-block-heading\"><strong>A\u015fk B\u00fcy\u00fcs\u00fc Nas\u0131l Anla\u015f\u0131l\u0131r?<\/strong><\/h2>\n\n\n\n<p>A\u015fk b\u00fcy\u00fcs\u00fcn\u00fcn etkilerini nas\u0131l anlayabilece\u011finizi merak ediyorsan\u0131z, bu konuda baz\u0131 belirtilerden bahsedebiliriz. A\u015fk b\u00fcy\u00fcs\u00fcn\u00fcn etkili olup olmad\u0131\u011f\u0131n\u0131 anlamak i\u00e7in belirli i\u015faretlerin ortaya \u00e7\u0131kmas\u0131 gerekir. Bu belirtiler, a\u015fk b\u00fcy\u00fcs\u00fcn\u00fcn ba\u015far\u0131l\u0131 olup olmad\u0131\u011f\u0131n\u0131 anlaman\u0131z\u0131 sa\u011flar ve ki\u015fiden ki\u015fiye, erkekten kad\u0131na farkl\u0131l\u0131k g\u00f6sterebilir. Genel olarak baz\u0131 belirtiler ortakt\u0131r. A\u015fk b\u00fcy\u00fcs\u00fc yap\u0131lan ki\u015fi, b\u00fcy\u00fcy\u00fc yapt\u0131ran hakk\u0131nda olumlu d\u00fc\u015f\u00fcnceler geli\u015ftirmeye ba\u015flar. Zaman zaman r\u00fcyalar\u0131nda bu ki\u015fiyi g\u00f6rebilir ve uyan\u0131nca onu d\u00fc\u015f\u00fcnerek g\u00fcne ba\u015flar. A\u015fk b\u00fcy\u00fcs\u00fcn\u00fcn etkisi alt\u0131ndaki ki\u015fi, istemsizce sizi d\u00fc\u015f\u00fcnmeye ba\u015flar.<\/p>\n\n\n\n<p>A\u015fk b\u00fcy\u00fcs\u00fcn\u00fcn etkisi alt\u0131ndaki ki\u015fi, dikkat da\u011f\u0131n\u0131kl\u0131\u011f\u0131 ve konsantrasyon sorunlar\u0131 ya\u015far. Sosyal hayat\u0131ndan koparak duygusal bir karma\u015fa ya\u015far ve s\u00fcrekli bir \u00f6zlem i\u00e7inde olur. Bu \u00f6zlem nedeniyle s\u0131k\u00e7a a\u011flama e\u011filimi g\u00f6sterebilir. Duygusal hale gelir ve ya\u015fam tarz\u0131nda de\u011fi\u015fiklikler g\u00f6r\u00fclmeye ba\u015flar. Bu belirtiler, a\u015fk b\u00fcy\u00fcs\u00fcn\u00fcn etkisini g\u00f6sterdi\u011finde, b\u00fcy\u00fc yap\u0131lan ki\u015finin size derin bir a\u015fk beslemesi yak\u0131nd\u0131r. Bu etkiler bir gecede ortaya \u00e7\u0131kmaz; sab\u0131r ve zaman gerektiren bir s\u00fcre\u00e7tir. A\u015fk b\u00fcy\u00fcs\u00fcn\u00fcn etkisi alt\u0131nda olan ki\u015fi, size duydu\u011fu a\u015fk\u0131 a\u00e7\u0131k\u00e7a ifade edecektir.<\/p>\n\n\n\n<h3 class=\"wp-block-heading\"><strong>A\u015fk B\u00fcy\u00fcs\u00fc Tutar m\u0131?<\/strong><\/h3>\n\n\n\n<p>A\u015fk b\u00fcy\u00fcs\u00fcn\u00fcn tutup tutmayaca\u011f\u0131, merak edilen konulardan biridir. A\u015fk b\u00fcy\u00fcs\u00fc, di\u011fer b\u00fcy\u00fclerle k\u0131yasland\u0131\u011f\u0131nda ayn\u0131 kategori i\u00e7indeki b\u00fcy\u00fclere g\u00f6re daha etkilidir. Do\u011fru uygulamalar ve t\u0131ls\u0131mlar kullan\u0131ld\u0131\u011f\u0131nda, sonu\u00e7lar h\u0131zl\u0131 bir \u015fekilde g\u00f6r\u00fclebilir. B\u00fcy\u00fcn\u00fcn etkisi, kullan\u0131lan malzemelere ba\u011fl\u0131 olarak de\u011fi\u015fiklik g\u00f6sterir. Medyum ya da hoca, gerekli malzemeleri tam olarak temin etti\u011finde, b\u00fcy\u00fcn\u00fcn tutma s\u00fcresi daha k\u0131sa olacak ve etkisi daha g\u00fc\u00e7l\u00fc olacakt\u0131r. A\u015fk b\u00fcy\u00fcs\u00fcn\u00fcn etkili olmas\u0131nda en \u00f6nemli fakt\u00f6r, deneyimli ve i\u015finin ehli bir medyumla \u00e7al\u0131\u015fmakt\u0131r. Aksi takdirde, kalitesiz malzemelerle ve rastgele bulunan medyumlar taraf\u0131ndan yap\u0131lan a\u015fk b\u00fcy\u00fcleri etkisiz ve bo\u015fa olacakt\u0131r.<\/p>\n\n\n\n<p>Sevdi\u011finiz ki\u015fiyi kendinize a\u015f\u0131k etmek istiyorsan\u0131z, do\u011fru bir medyumla bu s\u00fcreci ger\u00e7ekle\u015ftirmek \u00f6nemlidir. Hayat boyu mutlu olmak ve sevdi\u011finiz ki\u015fiyi hayat\u0131n\u0131za katmak i\u00e7in a\u015fk b\u00fcy\u00fcs\u00fc yapt\u0131rmak isteyen ki\u015fi, do\u011fru medyumu bulmal\u0131d\u0131r. Bu noktada, \u0130ranl\u0131 Medyum Hoca g\u00fcvenilir bir se\u00e7imdir. Do\u011fru ki\u015fiyle yap\u0131lan a\u015fk b\u00fcy\u00fcs\u00fc, olduk\u00e7a etkili olur. A\u015fk b\u00fcy\u00fcs\u00fc yap\u0131l\u0131rken, medyum hoca ruhani varl\u0131klarla ileti\u015fime ge\u00e7er; bu nedenle, a\u015fk b\u00fcy\u00fcs\u00fc yapt\u0131racak ki\u015filerin dikkatli olmas\u0131 gerekir. H\u00fcddaml\u0131k konusunda deneyimli hocalar, a\u015fk b\u00fcy\u00fcs\u00fc konusunda olduk\u00e7a etkili sonu\u00e7lar elde ederler.<\/p>\n\n\n\n<h4 class=\"wp-block-heading\"><strong>A\u015fk B\u00fcy\u00fcs\u00fc Nas\u0131l Yap\u0131l\u0131r?<\/strong><\/h4>\n\n\n\n<p>A\u015fk b\u00fcy\u00fcs\u00fcn\u00fcn nas\u0131l yap\u0131ld\u0131\u011f\u0131, s\u0131k\u00e7a sorulan bir sorudur. A\u015fk b\u00fcy\u00fcs\u00fcn\u00fcn yap\u0131labilmesi i\u00e7in baz\u0131 malzemelere ihtiya\u00e7 vard\u0131r. Bu malzemeler do\u011fru \u015fekilde topland\u0131\u011f\u0131nda, \u0130ranl\u0131 Medyum Hoca g\u00fc\u00e7l\u00fc bir a\u015fk b\u00fcy\u00fcs\u00fc yapabilir ve etkileri k\u0131sa s\u00fcrede g\u00f6r\u00fclmeye ba\u015flan\u0131r. A\u015fk b\u00fcy\u00fcs\u00fcnde iki \u00f6nemli malzeme siyah \u00fcz\u00fcm ve nohuttur. Bu malzemeleri temin etti\u011finizde, a\u015fk b\u00fcy\u00fcs\u00fcn\u00fcn etkisi uzun s\u00fcre devam eder ve sevdi\u011finiz ki\u015finin size olan a\u015fk\u0131 hi\u00e7 azalmayacakt\u0131r. \u0130ranl\u0131 Medyum Hoca&#8217;n\u0131n haz\u0131rlayaca\u011f\u0131 t\u0131ls\u0131mlar ve vefkler, bu b\u00fcy\u00fcn\u00fcn etkisini daha da art\u0131racakt\u0131r. Bu s\u00fcre\u00e7te, medyuma niyetinizi a\u00e7\u0131k\u00e7a belirtmeniz \u00f6nemlidir. B\u00fcy\u00fc yap\u0131l\u0131rken ve sonras\u0131nda sab\u0131r g\u00f6stermek gereklidir.<\/p>\n\n\n\n<p>B\u00fcy\u00fcn\u00fcn yap\u0131laca\u011f\u0131 ortam\u0131n karanl\u0131k ve sessiz olmas\u0131 gerekir. A\u015fk b\u00fcy\u00fcs\u00fcn\u00fcn etkisi ka\u00e7 g\u00fcn i\u00e7inde kendini g\u00f6sterir diye soracak olursan\u0131z, genellikle 3 g\u00fcn i\u00e7inde etkiler ortaya \u00e7\u0131kmaya ba\u015flar. A\u015fk b\u00fcy\u00fcs\u00fcnde \u00f6nemli olan kurallara uymakt\u0131r. B\u00fcy\u00fc s\u0131ras\u0131nda g\u00f6zleriniz kapal\u0131 olmal\u0131d\u0131r. Sevdi\u011finiz ki\u015finin foto\u011fraf\u0131, b\u00fcy\u00fc i\u00e7in olumlu bir katk\u0131 sa\u011flayacakt\u0131r. Hoca, \u00fcz\u00fcm\u00fc yemenizi isteyecek ve nohudu evinizde ula\u015f\u0131lmas\u0131 zor bir yere saklaman\u0131z\u0131 \u00f6nerecektir. Bu ad\u0131mlara dikkat etti\u011finizde, a\u015fk b\u00fcy\u00fcs\u00fc etkisini g\u00f6stermeye ba\u015flayacak ve sevdi\u011finiz ki\u015fi size a\u015fk\u0131n\u0131 ilan edecektir.<\/p>\n\n\n\n<h5 class=\"wp-block-heading\"><strong>A\u015fk B\u00fcy\u00fcs\u00fc Yapan \u0130ranl\u0131 Medyum<\/strong><\/h5>\n\n\n\n<p>A\u015fk b\u00fcy\u00fcs\u00fc yap\u0131m\u0131 s\u0131ras\u0131nda, medyum hocalar\u0131n dikkat \u00e7eken \u00f6zelliklerini bu b\u00f6l\u00fcmde ele alaca\u011f\u0131z. A\u015fk b\u00fcy\u00fcs\u00fcn\u00fcn etkileri, i\u00e7 huzurunuzu sa\u011flamak ad\u0131na \u00f6nemlidir. A\u015fk b\u00fcy\u00fcs\u00fc, \u0130ranl\u0131 Medyum ile g\u00fcvenle yap\u0131l\u0131r. Kalitesiz medyumlar taraf\u0131ndan yap\u0131lan b\u00fcy\u00fcler, a\u011f\u0131r sonu\u00e7lar do\u011furabilir. A\u015fk b\u00fcy\u00fcs\u00fc s\u0131ras\u0131nda b\u00fcy\u00fck bir g\u00fc\u00e7 ortaya \u00e7\u0131kar ve bu g\u00fcc\u00fcn do\u011fru ellerde olmas\u0131 gerekir. Bu nedenle, b\u00fcy\u00fc yap\u0131m\u0131nda uzman bir medyumla \u00e7al\u0131\u015fmak \u00f6nemlidir.<\/p>\n\n\n\n<h6 class=\"wp-block-heading\"><strong>A\u015fk B\u00fcy\u00fcs\u00fc Nas\u0131l Bozulur?<\/strong><\/h6>\n\n\n\n<p>A\u015fk b\u00fcy\u00fcs\u00fcn\u00fcn nas\u0131l bozulaca\u011f\u0131 da s\u0131k\u00e7a merak edilen bir konudur. \u00d6zellikle a\u015fk b\u00fcy\u00fcs\u00fc etkisi alt\u0131nda kalmak istemeyen ya da kendi iradesi d\u0131\u015f\u0131nda birine a\u015f\u0131k olmak istemeyen ki\u015filer bu soruyu s\u0131k\u00e7a sorar. A\u015fk b\u00fcy\u00fcs\u00fc bozulmas\u0131, do\u011fru bir medyumla m\u00fcmk\u00fcnd\u00fcr. Bu konuda \u0130ranl\u0131 Medyum Hoca, tecr\u00fcbeli bir isimdir. Uygun fiyat ve y\u00fcksek ba\u015far\u0131 oran\u0131yla, \u0130ranl\u0131 Medyum Hoca her ge\u00e7en g\u00fcn daha fazla ki\u015fi taraf\u0131ndan tercih edilmektedir. Sevdi\u011finiz ki\u015fiyi kendinize a\u015f\u0131k etmek ya da a\u015fk b\u00fcy\u00fcs\u00fcnden korunmak istiyorsan\u0131z, do\u011fru medyumu bulmak \u00f6nemlidir.<\/p>\n","protected":false},"excerpt":{"rendered":"<p>A\u015fk b\u00fcy\u00fcs\u00fc, bir ki\u015finin sevdi\u011fi ki\u015fiyi kendine ba\u011flama arzusu ile yap\u0131lan ve etkili y\u00f6ntemler aras\u0131nda yer alan bir uygulamad\u0131r. Bu b\u00fcy\u00fc t\u00fcr\u00fc, tarihin eski d\u00f6nemlerinden beri etkili oldu\u011fu bilinen ve [&hellip;]<\/p>\n","protected":false},"author":1,"featured_media":0,"parent":0,"menu_order":0,"comment_status":"closed","ping_status":"closed","template":"","meta":{"footnotes":""},"class_list":["post-34","page","type-page","status-publish","hentry"],"_links":{"self":[{"href":"https:\/\/iranlimedyumlar.com\/index.php?rest_route=\/wp\/v2\/pages\/34","targetHints":{"allow":["GET"]}}],"collection":[{"href":"https:\/\/iranlimedyumlar.com\/index.php?rest_route=\/wp\/v2\/pages"}],"about":[{"href":"https:\/\/iranlimedyumlar.com\/index.php?rest_route=\/wp\/v2\/types\/page"}],"author":[{"embeddable":true,"href":"https:\/\/iranlimedyumlar.com\/index.php?rest_route=\/wp\/v2\/users\/1"}],"replies":[{"embeddable":true,"href":"https:\/\/iranlimedyumlar.com\/index.php?rest_route=%2Fwp%2Fv2%2Fcomments&post=34"}],"version-history":[{"count":1,"href":"https:\/\/iranlimedyumlar.com\/index.php?rest_route=\/wp\/v2\/pages\/34\/revisions"}],"predecessor-version":[{"id":35,"href":"https:\/\/iranlimedyumlar.com\/index.php?rest_route=\/wp\/v2\/pages\/34\/revisions\/35"}],"wp:attachment":[{"href":"https:\/\/iranlimedyumlar.com\/index.php?rest_route=%2Fwp%2Fv2%2Fmedia&parent=34"}],"curies":[{"name":"wp","href":"https:\/\/api.w.org\/{rel}","templated":true}]}}